{"id":707,"date":"2019-06-14T06:47:05","date_gmt":"2019-06-14T06:47:05","guid":{"rendered":"https:\/\/www.pshhc.org\/?post_type=people&#038;p=707"},"modified":"2026-03-26T20:56:01","modified_gmt":"2026-03-26T20:56:01","slug":"dieter-eckert-m-d","status":"publish","type":"people","link":"http:\/\/www.pshhc.org\/es\/people\/dieter-eckert-m-d\/","title":{"rendered":"Dieter Eckert, MD"},"content":{"rendered":"<div class=\"wpb-content-wrapper\"><div class=\"vc_row wpb_row vc_row-fluid\"><div class=\"wpb_column vc_column_container vc_col-sm-12\"><div class=\"vc_column-inner\"><div class=\"wpb_wrapper\">\n\t<div class=\"wpb_text_column wpb_content_element\" >\n\t\t<div class=\"wpb_wrapper\">\n\t\t\t<p>El Dr. Eckert es un m\u00e9dico jubilado que dedic\u00f3 su carrera a trabajar como radi\u00f3logo diagn\u00f3stico en varios hospitales de San Luis Obispo y el condado de Santa B\u00e1rbara. Tras graduarse en la Facultad de Medicina de la Universidad de Stanford, contribuy\u00f3 a la creaci\u00f3n de los departamentos hospitalarios en el campo de la imagenolog\u00eda m\u00e9dica, un \u00e1rea de r\u00e1pido avance t\u00e9cnico.<\/p>\n<p>Ha formado parte del Consejo de Administraci\u00f3n de People&#039;s Self-Help Housing desde 1985, incluyendo muchos a\u00f1os como presidente del Consejo durante sus inicios. Actualmente, \u00e9l, su esposa y su familia viven en una finca de nogales en Paso Robles, donde disfruta de la agricultura, la nataci\u00f3n y la aviaci\u00f3n.<\/p>\n\n\t\t<\/div>\n\t<\/div>\n<\/div><\/div><\/div><\/div>\n<\/div>","protected":false},"featured_media":90226,"template":"","meta":{"_acf_changed":false,"footnotes":""},"people_departments":[11],"class_list":["post-707","people","type-people","status-publish","has-post-thumbnail","hentry","people_departments-board-of-directors"],"acf":[],"yoast_head":"<!-- This site is optimized with the Yoast SEO plugin v26.9 - https:\/\/yoast.com\/product\/yoast-seo-wordpress\/ -->\n<title>Dieter Eckert, M.D. - People&#039;s Self-Help Housing<\/title>\n<meta name=\"description\" content=\"Dr. Eckert is a retired physician who has spent his career working as a diagnostic radiologist at multiple hospitals in San Luis Obispo and Santa Barbara County.\" \/>\n<meta name=\"robots\" content=\"index, follow, max-snippet:-1, max-image-preview:large, max-video-preview:-1\" \/>\n<link rel=\"canonical\" href=\"https:\/\/www.pshhc.org\/es\/people\/dieter-eckert-m-d\/\" \/>\n<meta property=\"og:locale\" content=\"es_MX\" \/>\n<meta property=\"og:type\" content=\"article\" \/>\n<meta property=\"og:title\" content=\"Dieter Eckert, M.D. - People&#039;s Self-Help Housing\" \/>\n<meta property=\"og:url\" content=\"https:\/\/www.pshhc.org\/es\/people\/dieter-eckert-m-d\/\" \/>\n<meta property=\"og:site_name\" content=\"People&#039;s Self-Help Housing\" \/>\n<meta property=\"article:modified_time\" content=\"2026-03-26T20:56:01+00:00\" \/>\n<meta property=\"og:image\" content=\"https:\/\/www.pshhc.org\/wp-content\/uploads\/2019\/06\/Dieter-Headshot_Square.png\" \/>\n\t<meta property=\"og:image:width\" content=\"1000\" \/>\n\t<meta property=\"og:image:height\" content=\"1000\" \/>\n\t<meta property=\"og:image:type\" content=\"image\/png\" \/>\n<meta name=\"twitter:card\" content=\"summary_large_image\" \/>\n<meta name=\"twitter:label1\" content=\"Tiempo de lectura\" \/>\n\t<meta name=\"twitter:data1\" content=\"1 minuto\" \/>\n<script type=\"application\/ld+json\" class=\"yoast-schema-graph\">{\"@context\":\"https:\/\/schema.org\",\"@graph\":[{\"@type\":\"WebPage\",\"@id\":\"https:\/\/www.pshhc.org\/people\/dieter-eckert-m-d\/\",\"url\":\"https:\/\/www.pshhc.org\/people\/dieter-eckert-m-d\/\",\"name\":\"Dieter Eckert, M.D. - People&#039;s Self-Help Housing\",\"isPartOf\":{\"@id\":\"https:\/\/www.pshhc.org\/#website\"},\"primaryImageOfPage\":{\"@id\":\"https:\/\/www.pshhc.org\/people\/dieter-eckert-m-d\/#primaryimage\"},\"image\":{\"@id\":\"https:\/\/www.pshhc.org\/people\/dieter-eckert-m-d\/#primaryimage\"},\"thumbnailUrl\":\"https:\/\/www.pshhc.org\/wp-content\/uploads\/2019\/06\/Dieter-Headshot_Square.png\",\"datePublished\":\"2019-06-14T06:47:05+00:00\",\"dateModified\":\"2026-03-26T20:56:01+00:00\",\"breadcrumb\":{\"@id\":\"https:\/\/www.pshhc.org\/people\/dieter-eckert-m-d\/#breadcrumb\"},\"inLanguage\":\"es\",\"potentialAction\":[{\"@type\":\"ReadAction\",\"target\":[\"https:\/\/www.pshhc.org\/people\/dieter-eckert-m-d\/\"]}]},{\"@type\":\"ImageObject\",\"inLanguage\":\"es\",\"@id\":\"https:\/\/www.pshhc.org\/people\/dieter-eckert-m-d\/#primaryimage\",\"url\":\"https:\/\/www.pshhc.org\/wp-content\/uploads\/2019\/06\/Dieter-Headshot_Square.png\",\"contentUrl\":\"https:\/\/www.pshhc.org\/wp-content\/uploads\/2019\/06\/Dieter-Headshot_Square.png\",\"width\":1000,\"height\":1000},{\"@type\":\"BreadcrumbList\",\"@id\":\"https:\/\/www.pshhc.org\/people\/dieter-eckert-m-d\/#breadcrumb\",\"itemListElement\":[{\"@type\":\"ListItem\",\"position\":1,\"name\":\"Home\",\"item\":\"https:\/\/www.pshhc.org\/\"},{\"@type\":\"ListItem\",\"position\":2,\"name\":\"Dieter Eckert, M.D.\"}]},{\"@type\":\"WebSite\",\"@id\":\"https:\/\/www.pshhc.org\/#website\",\"url\":\"https:\/\/www.pshhc.org\/\",\"name\":\"People&#039;s Self-Help Housing\",\"description\":\"People&#039;s Self-Help Housing\",\"potentialAction\":[{\"@type\":\"SearchAction\",\"target\":{\"@type\":\"EntryPoint\",\"urlTemplate\":\"https:\/\/www.pshhc.org\/?s={search_term_string}\"},\"query-input\":{\"@type\":\"PropertyValueSpecification\",\"valueRequired\":true,\"valueName\":\"search_term_string\"}}],\"inLanguage\":\"es\"}]}<\/script>\n<!-- \/ Yoast SEO plugin. -->","yoast_head_json":{"title":"Dieter Eckert, MD - Vivienda de autoayuda para personas","description":"Dr. Eckert is a retired physician who has spent his career working as a diagnostic radiologist at multiple hospitals in San Luis Obispo and Santa Barbara County.","robots":{"index":"index","follow":"follow","max-snippet":"max-snippet:-1","max-image-preview":"max-image-preview:large","max-video-preview":"max-video-preview:-1"},"canonical":"https:\/\/www.pshhc.org\/es\/people\/dieter-eckert-m-d\/","og_locale":"es_MX","og_type":"article","og_title":"Dieter Eckert, M.D. - People&#039;s Self-Help Housing","og_url":"https:\/\/www.pshhc.org\/es\/people\/dieter-eckert-m-d\/","og_site_name":"People&#039;s Self-Help Housing","article_modified_time":"2026-03-26T20:56:01+00:00","og_image":[{"width":1000,"height":1000,"url":"https:\/\/www.pshhc.org\/wp-content\/uploads\/2019\/06\/Dieter-Headshot_Square.png","type":"image\/png"}],"twitter_card":"summary_large_image","twitter_misc":{"Tiempo de lectura":"1 minuto"},"schema":{"@context":"https:\/\/schema.org","@graph":[{"@type":"WebPage","@id":"https:\/\/www.pshhc.org\/people\/dieter-eckert-m-d\/","url":"https:\/\/www.pshhc.org\/people\/dieter-eckert-m-d\/","name":"Dieter Eckert, MD - Vivienda de autoayuda para personas","isPartOf":{"@id":"https:\/\/www.pshhc.org\/#website"},"primaryImageOfPage":{"@id":"https:\/\/www.pshhc.org\/people\/dieter-eckert-m-d\/#primaryimage"},"image":{"@id":"https:\/\/www.pshhc.org\/people\/dieter-eckert-m-d\/#primaryimage"},"thumbnailUrl":"https:\/\/www.pshhc.org\/wp-content\/uploads\/2019\/06\/Dieter-Headshot_Square.png","datePublished":"2019-06-14T06:47:05+00:00","dateModified":"2026-03-26T20:56:01+00:00","breadcrumb":{"@id":"https:\/\/www.pshhc.org\/people\/dieter-eckert-m-d\/#breadcrumb"},"inLanguage":"es","potentialAction":[{"@type":"ReadAction","target":["https:\/\/www.pshhc.org\/people\/dieter-eckert-m-d\/"]}]},{"@type":"ImageObject","inLanguage":"es","@id":"https:\/\/www.pshhc.org\/people\/dieter-eckert-m-d\/#primaryimage","url":"https:\/\/www.pshhc.org\/wp-content\/uploads\/2019\/06\/Dieter-Headshot_Square.png","contentUrl":"https:\/\/www.pshhc.org\/wp-content\/uploads\/2019\/06\/Dieter-Headshot_Square.png","width":1000,"height":1000},{"@type":"BreadcrumbList","@id":"https:\/\/www.pshhc.org\/people\/dieter-eckert-m-d\/#breadcrumb","itemListElement":[{"@type":"ListItem","position":1,"name":"Home","item":"https:\/\/www.pshhc.org\/"},{"@type":"ListItem","position":2,"name":"Dieter Eckert, M.D."}]},{"@type":"WebSite","@id":"https:\/\/www.pshhc.org\/#website","url":"https:\/\/www.pshhc.org\/","name":"Vivienda de autoayuda de People &amp; #039; s","description":"Vivienda de autoayuda de People &amp; #039; s","potentialAction":[{"@type":"SearchAction","target":{"@type":"EntryPoint","urlTemplate":"https:\/\/www.pshhc.org\/?s={search_term_string}"},"query-input":{"@type":"PropertyValueSpecification","valueRequired":true,"valueName":"search_term_string"}}],"inLanguage":"es"}]}},"jetpack_sharing_enabled":true,"_links":{"self":[{"href":"http:\/\/www.pshhc.org\/es\/wp-json\/wp\/v2\/people\/707","targetHints":{"allow":["GET"]}}],"collection":[{"href":"http:\/\/www.pshhc.org\/es\/wp-json\/wp\/v2\/people"}],"about":[{"href":"http:\/\/www.pshhc.org\/es\/wp-json\/wp\/v2\/types\/people"}],"version-history":[{"count":7,"href":"http:\/\/www.pshhc.org\/es\/wp-json\/wp\/v2\/people\/707\/revisions"}],"predecessor-version":[{"id":140598,"href":"http:\/\/www.pshhc.org\/es\/wp-json\/wp\/v2\/people\/707\/revisions\/140598"}],"wp:featuredmedia":[{"embeddable":true,"href":"http:\/\/www.pshhc.org\/es\/wp-json\/wp\/v2\/media\/90226"}],"wp:attachment":[{"href":"http:\/\/www.pshhc.org\/es\/wp-json\/wp\/v2\/media?parent=707"}],"wp:term":[{"taxonomy":"people_departments","embeddable":true,"href":"http:\/\/www.pshhc.org\/es\/wp-json\/wp\/v2\/people_departments?post=707"}],"curies":[{"name":"gracias","href":"https:\/\/api.w.org\/{rel}","templated":true}]}}

<div class="wpb-content-wrapper"><div class="vc_row wpb_row vc_row-fluid"><div class="wpb_column vc_column_container vc_col-sm-12"><div class="vc_column-inner"><div class="wpb_wrapper">
	<div class="wpb_text_column wpb_content_element" >
		<div class="wpb_wrapper">
			<p>El Dr. Eckert es un médico jubilado que dedicó su carrera a trabajar como radiólogo diagnóstico en varios hospitales de San Luis Obispo y el condado de Santa Bárbara. Tras graduarse en la Facultad de Medicina de la Universidad de Stanford, contribuyó a la creación de los departamentos hospitalarios en el campo de la imagenología médica, un área de rápido avance técnico.</p>
<p>Ha formado parte del Consejo de Administración de People&#039;s Self-Help Housing desde 1985, incluyendo muchos años como presidente del Consejo durante sus inicios. Actualmente, él, su esposa y su familia viven en una finca de nogales en Paso Robles, donde disfruta de la agricultura, la natación y la aviación.</p>

		</div>
	</div>
</div></div></div></div>
</div>
